 of i?
2
Suppose 0*q = -3*q + 15. Let u = q + 0. Suppose u*g = -84 + 259. What is the tens digit of g?
3
What is the thousands digit of 1340/(-938) + 19106/7?
2
Suppose 0 = -4*l + 4*r + 301 + 347, 2*l + 3*r - 304 = 0. What is the units digit of l?
8
Suppose -w + 341 = -0*w + 4*m, 4*w + m = 1409. What is the tens digit of w?
5
Suppose 2*n = -4*a + 536, -4*n - 4*a = -1105 + 53. What is the hundreds digit of n?
2
What is the units digit of (116/4)/((-14)/(-154))?
9
Suppose -q + 49 + 294 = -4*l, -1779 = -5*q + 4*l. What is the tens digit of q?
5
What is the units digit of (45 + -4)/((3 - -2)/25)?
5
Suppose 2*l - 3*s = 3891, 36*l = 33*l - s + 5864. What is the hundreds digit of l?
9
Suppose 56 = 2*j - 3*m + 2*m, 2*m + 31 = j. Let y = 54 - j. What is the tens digit of y?
2
Let p be 1/4 + 55/20. Suppose -4 = 3*o + w, -o - 5*w = -5 - p. What is the units digit of 3 - ((-36)/(-3))/o?
9
Let f(g) be the third derivative of g**5/60 + g**4/3 - g**3 - 5*g**2. What is the units digit of f(-9)?
3
Suppose 3*x = -3*b - 675, 4*x - 4*b + 892 = -0*b. What is the tens digit of (x/4)/((1 - 0)/(-1))?
5
Let v(k) = 3*k**2 + 3*k - 12. Let q(r) = -5*r + 11. Let l be q(3). What is the tens digit of v(l)?
2
Let f = 340 - -96. What is the units digit of f?
6
Let s = -5 + 10. Suppose -2*g - 3*g + 173 = 3*x, s*g = 2*x + 168. What is the tens digit of g?
3
Let q = -105 - -116. Suppose -q*j + 273 = -2048. What is the tens digit of j?
1
Suppose 0 = -2*p - 5*x + 2*x - 9, 0 = -5*p + 3*x + 9. Suppose p = 4*l - 22 - 122. Suppose 0 = -v + l + 3. What is the units digit of v?
9
Let k(p) = p**2 - 9*p + 11. Let a be k(-12). Let b = -73 + a. Suppose 6*h = h + b. What is the units digit of h?
8
Suppose 44*b = 40*b - 40. What is the units digit of 3*(-4)/(-16)*b*-6?
5
Suppose -4*q = 5*n - 13827, -n + 3*n + 6918 = 2*q. What is the hundreds digit of q?
4
Suppose -9*s + 713 = -1204. What is the hundreds digit of s?
2
Suppose 476 = 64*j - 57*j. What is the units digit of j?
8
Let j be (-2 + (-6)/(-2))*27. Let h(b) = -2*b - 44. Let n be h(-17). What is the units digit of j/(4 + n/4)?
8
Let l(k) = -k - 17. Let o be 6/6 - 54/3. Let t be l(o). Suppose 0 = h + 3*v - 23, 2*h + 0*h + v - 31 = t. What is the tens digit of h?
1
Let g be -3*1 + 112/8. Suppose f - g = -3*x, 4*f + 9 + 17 = 2*x. What is the units digit of (f - -37)/(-3)*-1?
1
Let c be -4*(-3 + 12/16). Suppose 5*n = c - 19. What is the units digit of (1 - 2)/(n/22)?
1
Suppose -3*a = -175 - 812. Suppose -6*j + a + 145 = 0. What is the units digit of j?
9
Suppose -46*r + 13386 = -23*r. What is the hundreds digit of r?
5
Suppose 4*i - 7 = -3*a, 2*a = -0*i - 5*i. Suppose 5*b = m + 241, 0*b - 5*m - 245 = -a*b. Suppose b = 12*f - 9*f. What is the units digit of f?
6
Let d be (-2)/((-327)/(-165) + -2). Let r(w) = -8*w**2 - 5. Let l be r(3). Let n = l + d. What is the units digit of n?
3
What is the thousands digit of (75 + 27)*(-74)/(-4)?
1
Let j = 37 + -70. Let t = j + 76. What is the units digit of t?
3
Suppose 2 + 1617 = 5*p - 2*y, p = y + 322. What is the tens digit of p?
2
Let k(j) = -j**3 - 2*j**2 - 2*j - 3. Let d be k(-2). What is the tens digit of 13 + 0/1 - d?
1
Suppose 0*x + 5*x = g + 21, 18 = 4*x - 2*g. Let b(u) = -68*u - 7. Let l be b(-1). Suppose -k - 18 = -2*s + 2*k, 3*s - l = -x*k. What is the units digit of s?
5
Suppose 4*m - 393 - 1107 = -4*r, -2*m + 3*r = -760. What is the units digit of m?
7
Let x(l) = -4*l - 25. Let r be x(-9). Suppose -5*f - 55 - r = -g, 5*g - 3*f - 264 = 0. What is the tens digit of g?
5
Suppose -v + 23 = -23. Let s = v - 25. What is the tens digit of 573/s + 6/(-21)?
2
Let y = 642 + -205. What is the units digit of y?
7
Let q(d) = 5*d. Let h be q(3). What is the tens digit of h/10 + 378/4?
9
Let u(p) = 179*p**3 - 2*p**2 - 2*p + 7. What is the tens digit of u(2)?
2
Suppose -4 = -2*n - 4*p + 20, p = 0. What is the units digit of (n/12)/(1 - (-62)/(-64))?
2
Let d be 1/(-1*(-2 + 1)). Let i = 16 - 13. What is the units digit of d - (i - 12)*3?
8
Let h be (9/4)/(3/12). Suppose -8*o + 3*o - 30 = -3*r, 11 = r - 2*o. Suppose 0 = 6*a - r*a - h. What is the units digit of a?
9
Suppose -3803 = -4*p - 3*g, p + g + 3799 = 5*p. Suppose 0 = 10*z - 0*z - p. What is the units digit of z?
5
What is the units digit of 9/63 + 1770/7 + 4?
7
Suppose 3*q + 12 = 0, -u - 2*q + 6 + 25 = 0. Let x be u - 4/6*-3. What is the tens digit of 4/12 + x/3?
1
Suppose 30*r - 31*r = 12. What is the units digit of ((-32)/r)/(4/6)?
4
Let m = 127 + -258. Let x = -75 - m. What is the units digit of x?
6
Let g(c) = c**3 - 12*c**2 + 9*c + 27. Let m be g(11). Suppose -229 = -m*d + 61. What is the units digit of d?
8
Let l(w) = 226*w - 61. What is the units digit of l(4)?
3
Let m(u) = 2*u + 7. Let g be (9/(-6))/(4/16). Let w be m(g). What is the units digit of ((-1)/1)/(w/140)?
8
Suppose -5*b + 2*f + 9 = 0, b = -4*f + 2*f - 3. What is the tens digit of ((-10)/6)/(b/(-21))?
3
Suppose 171*c = 164*c + 9534. What is the units digit of c?
2
Let f(b) = b**3 + 14*b**2. Let y be f(-14). Let p = y - -32. What is the tens digit of p?
3
Let y(s) = s**3 - 12*s**2 + 12*s + 3. Let l = -2 + -3. Let n(f) = -f**3 - 4*f**2 + 4*f + 6. Let a be n(l). What is the tens digit of y(a)?
1
Let a be -12*-5*(-2)/8. Let j = a + 19. Suppose -3*q + 69 = 4*h, 3*q - 26 = -h + j*q. What is the units digit of h?
1
Let x(j) = j**2 + 2*j + 1. Let p be x(-1). Let k = 7 - -15. Suppose 4*b + k = 8*b - t, -3*b + 2*t + 14 = p. What is the units digit of b?
6
Let q(v) = 642*v**2 + 2*v + 1. What is the tens digit of q(-1)?
4
Let g be 24/6*(-3)/(-6). Suppose -3*q + 201 = 6*u - 3*u, 120 = g*u - 5*q. What is the units digit of u?
5
Suppose -4*v + 437 = -2423. What is the units digit of v?
5
Let h(b) = 7*b**2 + 8. Let d be 3/3*4/((-1)/(-1)). What is the tens digit of h(d)?
2
What is the tens digit of 18/(-135) - (-19174)/30?
3
Let l = 200 - -147. What is the units digit of l?
7
Let b be (-8)/(-44) - 567/33. Suppose 0 = 4*j - 118 + 34. Let d = j + b. What is the units digit of d?
4
Let v(d) = 91*d + 21. Let u be v(-4). What is the tens digit of u/(-5) - 18/30?
6
What is the tens digit of 882 - (9 + (-8)/1)?
8
Let l(a) = -238*a - 7. What is the tens digit of l(-2)?
6
Let y(u) = u**3 - 11*u**2 - 16*u - 5. Let v be y(11). Let r = 254 + v. What is the tens digit of r?
7
Let r(u) be the first derivative of -1/4*u**4 + 0*u**2 - 6 + 7/3*u**3 - 2*u. What is the units digit of r(6)?
4
What is the tens digit of -2*-274*(-7)/(-14)?
7
What is the hundreds digit of 5/15 - 10598/(-21)?
5
Let k = -28 - -28. Suppose k*j + 35 = j. Suppose i - 47 = -4*p + j, 0 = 4*i - 8. What is the tens digit of p?
2
Let g be (-168)/(-7)*(-2 + 1). Let l = g - -26. Suppose r - 2*r + 4*f = 3, r - 1 = l*f. What is the units digit of r?
5
Suppose 3*s = 1718 + 493. What is the units digit of s?
7
Suppose 7 = 4*i + 2*c - 7, -4*i = -c - 11. Let h be (i + -1)*(-29)/2. What is the units digit of -4*(h/4 + 3)?
7
Let z = 214 + -142. What is the tens digit of z?
7
Suppose 1038 - 252 = 6*l. What is the units digit of l?
1
Suppose -v = m + 1, 5*m - 5*v - 31 + 6 = 0. Suppose 3*y = -5*p + 744, 0 = -5*p - m*y + 179 + 567. What is the tens digit of p?
5
Suppose 4*a + 3*b + 0*b + 1517 = 0, -3*a + 5*b - 1145 = 0. Let x = 566 + a. What is the units digit of x?
6
Let y(p) = 12*p**2 - 4*p + 28. What is the units digit of y(6)?
6
Let b(t) be the second derivative of t**5/5 - t**4/4 + t**2/2 + 11*t. What is the units digit of b(2)?
1
Let a(k) = 4*k**2 + 2*k + 6. Let t(l) = l**3 + 2*l**2 - l + 2. Let w be t(-3). What is the units digit of a(w)?
2
Suppose 2*q - 226 = 2*o, -2*o + 5*q = 47 + 194. What is the units digit of o/(-8)*-1*-6?
1
Let l(u) = -16*u - 394. What is the tens digit of l(-44)?
1
Let q be 5*6*5/30. Suppose -4*w + 5*s + 126 + q = 0, 5*w + 4*s - 133 = 0. What is the tens digit of w?
2
Let j be 4/(-10) + 572/(-20). Let y be 65/(-26)*(1 - j). Let r = y - -126. What is the tens digit of r?
5
Let h(t) = -2*t**3 + t**2 + 7*t - 6. What is the units digit of h(-4)?
0
Let r(z) = -z**3 + 13*z**2 + 14*z + 3. Let a = 10 - -4. Let q be r(a). Suppose 4*l + 40 = 5*l - q*s, -96 = -3*l + s. What is the units digit of l?
1
Let x = -4 + 9. Let o(t) = t**3 + 7*t**2 + 8*t + 4. Let m be o(-5). Let d = m - x. What is the units digit of d?
9
Let o(q) = 2*q**2 + 8*q 